What is g(8)?
22
Let r(j) = -2*j**3 + 43*j**2 - 2*j + 127. What is r(22)?
-401
Let x(z) = z**2 + 67*z - 1424. Calculate x(17).
4
Let n(r) = 405*r - 4118. Give n(10).
-68
Let n(b) = b**2 + 54*b + 616. Calculate n(-16).
8
Let m(o) = 73*o**2 - 319*o + 6. Calculate m(4).
-102
Let d(m) = -m**3 - 24*m**2 + 82*m + 21. What is d(-27)?
-6
Let k(j) = j**2 + 1706*j - 8550. Determine k(5).
5
Let h(d) = d**3 + 2*d**2 + 39*d + 184. What is h(-4)?
-4
Let b(v) = 3752*v - 30021. Calculate b(8).
-5
Let o(w) = 273*w - 14743. Give o(54).
-1
Let y(a) = -5*a**2 + 64*a - 144. Calculate y(10).
-4
Let p(i) = 10*i + 29. What is p(-17)?
-141
Let p(l) = -310*l + 8994. What is p(29)?
4
Let v(t) = -171*t - 1112. What is v(-7)?
85
Let k(o) = -8*o**3 - 6*o**2 - 7*o - 22. Give k(-3).
161
Let b(h) = 2*h**2 - 483*h + 11594. Determine b(27).
11
Let f(b) = 195*b + 8377. What is f(-43)?
-8
Let a(m) = -m**3 - 9*m**2 + 40*m + 58. Give a(-12).
10
Let n(j) = 87*j - 402. Calculate n(5).
33
Let j(f) = -250*f + 2731. What is j(11)?
-19
Let a(x) = -33*x**2 - 686*x + 28. What is a(-21)?
-119
Let l(t) = 111*t**3 - t**2 + 6*t - 3. Give l(1).
113
Let s(x) = -2*x**3 + 13*x**2 - 17*x + 64. Give s(6).
-2
Let j(u) = 178*u**2 + 34*u + 34. Give j(-1).
178
Let t(u) = -348*u - 2785. Calculate t(-8).
-1
Let l(p) = -12*p - 142. Give l(2).
-166
Let s(j) = -j**2 + 32*j + 180. Calculate s(37).
-5
Let m(y) = 11*y - 581. Determine m(50).
-31
Let n(v) = -30*v + 155. Give n(6).
-25
Let z(u) = u**3 + 4*u**2 - u + 264. Determine z(0).
264
Let x(j) = -j**3 + 39*j**2 + 40*j - 1. Calculate x(40).
-1
Let g(k) = -3*k**2 - 10257*k + 51361. Give g(5).
1
Let u(x) = x**3 + 52*x**2 - 109*x + 25. Calculate u(-54).
79
Let q(a) = -23*a - 381. What is q(-17)?
10
Let m(k) = 117*k + 597. Give m(-5).
12
Let p(m) = -m**3 - 35*m**2 - 69*m + 862. Give p(-32).
-2
Let b(q) = 2*q**2 - 34*q + 43. What is b(2)?
-17
Let x(j) = 32*j + 28. Calculate x(2).
92
Let n(c) = -42*c**3 + c**2 - 2*c + 3. Give n(0).
3
Let r(x) = x**3 + 53*x**2 - 229*x - 40. Give r(-57).
17
Let g(i) = 104*i + 2385. Calculate g(-23).
-7
Let w(m) = m**2 + 149*m + 1763. Calculate w(-13).
-5
Let w(h) = -335*h + 2706. Give w(9).
-309
Let p(t) = 14*t - 91. Calculate p(31).
343
Let a(r) = r**3 + 32*r**2 + 112*r + 5. Give a(-28).
5
Let l(r) = -55*r**2 + 261*r + 91. Give l(5).
21
Let c(h) = h**3 - 89*h**2 - 1800*h + 39. Give c(-17).
5
Let b(i) = -i**2 - 8*i + 2798. Determine b(-57).
5
Let y(p) = 3*p**2 + 303*p + 4477. Give y(-83).
-5
Let y(h) = 6*h - 538. Give y(69).
-124
Let k(z) = 394*z - 3553. Give k(9).
-7
Let o(y) = 5*y - 236. What is o(53)?
29
Let o(k) = k**3 + 2*k**2 + 11*k + 22. Determine o(-3).
-20
Let d(i) = i**3 - 2*i**2 - 11*i + 10. Give d(-9).
-782
Let s(o) = o**2 + 94*o - 615. Calculate s(-100).
-15
Let z(i) = -4*i**3 - 21*i**2 - 11*i + 10. What is z(-1)?
4
Let p(m) = -m**3 + 10*m**2 - 193*m + 1934. What is p(10)?
4
Let n(d) = d**3 + d**2 - 110*d - 444. Calculate n(-5).
6
Let f(o) = -17*o + 181. Give f(10).
11
Let h(n) = n**3 - 14*n**2 + 44*n + 2. Determine h(10).
42
Let g(j) = j**3 - 13*j**2 - 26*j - 36. What is g(15)?
24
Let b(h) = h**2 - 1869*h - 24474. Calculate b(-13).
-8
Let x(h) = 14*h**2 + 730*h + 107. What is x(-52)?
3
Let o(m) = -18496*m - 110979. Give o(-6).
-3
Let g(y) = 12*y**2 - 12*y - 5. Give g(4).
139
Let i(k) = 750*k + 18032. Calculate i(-24).
32
Let a(w) = 5*w**3 - 65*w**2 - 17*w + 136. Give a(13).
-85
Let d(j) = -3*j**2 - 477*j - 12183. Determine d(-32).
9
Let z(p) = 2*p**2 + 84*p + 748. Determine z(-29).
-6
Let i(z) = -z**2 - 14*z - 102. Give i(-8).
-54
Let u(l) = -89*l - 28. Give u(-1).
61
Let g(l) = -3*l**2 - 94*l - 37. What is g(-31)?
-6
Let g(a) = 700*a - 2125. Calculate g(3).
-25
Let m(f) = f**3 + 275*f**2 - 2849*f + 291. What is m(-285)?
6
Let x(n) = 2*n**2 - 112*n - 241. Calculate x(58).
-9
Let j(t) = t**2 - 1484*t + 22046. Give j(15).
11
Let u(b) = -b**2 + 105*b + 1267. Give u(-11).
-9
Let q(r) = 28*r - 497. Give q(16).
-49
Let g(p) = -701*p + 987. Calculate g(2).
-415
Let t(j) = -j**2 + 17*j - 72. What is t(7)?
-2
Let w(i) = -138*i + 7186. Give w(52).
10
Let u(f) = -f**2 + 4623*f - 9238. Give u(2).
4
Let w(o) = -5*o**2 + 529*o - 426. Calculate w(105).
-6
Let o(m) = -m**3 + 123*m**2 + 237*m + 1620. Determine o(125).
-5
Let s(m) = -m**3 - 23*m**2 + 486. Give s(-22).
2
Let c(h) = -5*h + 13. Give c(8).
-27
Let p(w) = w**3 + 132*w**2 - 682*w - 7. Determine p(5).
8
Let m(q) = 24*q - 21. Give m(6).
123
Let n(u) = 478*u - 3052. What is n(6)?
-184
Let y(n) = -94*n**2 + 1410*n - 8. Give y(15).
-8
Let i(w) = w**3 + 31*w**2 + 31*w. Calculate i(-30).
-30
Let b(w) = 3*w**2 + 30*w - 517. Give b(9).
-4
Let g(p) = -15*p**2 - 475*p - 34. Give g(-32).
-194
Let j(m) = m**3 + 14*m**2 + 26*m - 78. Determine j(-11).
-1
Let u(m) = -m**3 + 7*m**2 - 9*m + 34. Determine u(6).
16
Let z(a) = 105*a**2 - 1995*a - 1. What is z(19)?
-1
Let a(l) = 63*l - 53. Give a(3).
136
Let r(b) = b**3 + 7*b**2 - 3*b + 19. Give r(-8).
-21
Let k(y) = -5*y**3 - 27*y**2 - 9*y - 14. Give k(-5).
-19
Let j(u) = -u**3 + 11*u**2 + 94*u - 983. Determine j(9).
25
Let t(k) = -97*k - 1691. What is t(-17)?
-42
Let w(f) = -4*f**3 - 24*f**2 + 19*f - 2. Give w(-7).
61
Let y(j) = -207*j + 581. What is y(4)?
-247
Let q(a) = a**2 + 166*a - 33075. Determine q(117).
36
Let n(c) = -57*c**2 - 166*c - 5. Calculate n(-3).
-20
Let u(f) = -5*f**3 - 145*f**2 + 4*f + 95. What is u(-29)?
-21
Let x(r) = 5*r - 107. Determine x(12).
-47
Let c(m) = -m**2 - 22*m + 43. Give c(-23).
20
Let o(n) = -26*n - 79. Calculate o(5).
-209
Let r(q) = 2*q**3 - 24*q**2 - 9*q + 57. Determine r(10).
-433
Let w(v) = 291*v + 568. Determine w(-2).
-14
Let w(t) = 10*t - 393. Calculate w(-27).
-663
Let w(s) = 66*s - 226. What is w(3)?
-28
Let y(u) = 218*u - 2630. Give y(12).
-14
Let j(x) = 3*x**3 - 14*x + 23. Give j(-7).
-908
Let i(a) = -a**3 - 4*a**2 + 6*a - 30. What is i(-7)?
75
Let x(v) = -10*v + 93. Give x(13).
-37
Let t(u) = u**2 + 10*u - 284. Give t(-22).
-20
Let i(c) = -c**3 + 46*c**2 + 145*c + 110. Give i(49).
12
Let b(o) = -o**3 - 4*o**2 - 4*o - 2. Calculate b(-2).
-2
Let c(k) = 41*k**2 - 104*k - 69. Determine c(3).
-12
Let h(y) = -y**2 - 353*y - 26194. Calculate h(-247).
-12
Let w(y) = -y**3 + 10*y**2 - 4*y + 33. Determine w(9).
78
Let x(t) = t**2 + 36*t + 61. Give x(-36).
61
Let b(r) = 118*r**3 + 2*r**2 + r - 2. Calculate b(-1).
-119
Let i(r) = -29*r**2 + 31*r + 71. Determine i(-3).
-283
Let d(z) = 1673*z + 3343. Determine d(-2).
-3
Let v(d) = 263*d - 19199. What is v(73)?
0
Let y(u) = 29*u**3 - 4*u**2 - 2*u + 10. Calculate y(-2).
-234
Let x(t) = -7*t**2 + t - 35. Determine x(5).
-205
Let y(x) = 32*x - 1051. What is y(33)?
5
Let v(n) = -n**3 - 16*n**2 + 20*n + 42. Give v(-17).
-9
Let q(w) = 2*w**2 + 246*w - 2087. Determine q(8).
9
Let k(f) = 2*f**3 - 471*f**2 + 368*f - 31246. Give k(235).
9
Let x(t) = t**3 - 21*t**2 - 13*t - 13. Calculate x(22).
185
Let y(t) = -36*t**2 - 82*t + 220. What is y(3)?
-350
Let s(k) = 11*k**2 + 12*k - 7. Give s(-5).
208
Let u(o) = o**3 - 77*o**2 + 871*o - 13. Calculate u(13).
494
Let b(f) = f**3 - 85*f**2 + 673*f + 885. Determine b(76).
49
Let v(n) = -28*n + 121. What is v(4)?
9
Let n(c) = 4*c**3 + 92*c**2 - 4*c - 39. Calculate n(-23).
53
Let h(n) = 109*n**2 - 53*n - 51. Give h(-1).
111
Let a(t) = -t**3 + 55*t**2 + 430*t + 260. Determine a(62).
12
Let v(y) = 5*y**2 + 131*y + 817. Determine v(-10).
7
Let q(c) = 97*c**2 - 46*c + 44. Determine q(1).
95
Let t(f) = -3*f**3 - 261*f**2 + 235*f - 2556. Calculate t(-88).
-4
Let d(a) = -a**3 + 4*a**2 + 31*a + 2. Give d(7).
72
Let b(x) = -2*x**2 - 2941*x - 11727. What is b(-4)?
5
Let w(q) = 3*q**3 + 203*q**2 - 60*q + 501. Determine w(-68).
-43
Let w(a) = -25*a + 171. Determine w(23).
-404
Let a(y) = 45*y**2 + 944*y - 21. Calculate a(-21).
0
Let n(d) = -2*d**2 - 16*d - 1. Calculate n(-8).
-1
Let o(u) = 60*u - 2090. What is o(35)?
10
Let j(f) = -f**3 + 17*f + 61. What is j(0)?
61
Let m(u) = -3*u**3 - 12*u**2 + 5*u - 50. Determine m(-5).
0
Let a(o) = 27*o**2 + 30*o. What is a(2)?
168
Let m(h) = h**3 + 19*h**2 + 97*h + 98. Determine m(-11).
-1
Let y(j) = -26*j - 397. Give y(-15).
-7
Let c(q) = -q**2 + 46*q + 189. Determine c(50).
-11
Let u(h) = -2*h**2 - 61*h + 17. Calculate u(-31).
-14
Let t(j) = -j**2 - 110*j - 544. Give t(-5).
-19
Let g(q) = -2*q**3 - 80